7. Let u(o) = -7*l(o) - 5*x(o). Let f(m) = r*u(m) - 6*y(m). Give f(1).
7
Let g(j) = 16*j - 5. Let k(b) = -11*b + 4. Let d(y) = 3*g(y) + 4*k(y). Determine d(-5).
-19
Suppose f - 12 = 3*b, 5*b + 0*f + 10 = 5*f. Suppose -5*t + 22 = 2. Let k(c) = -2*c + 11*c**2 + t*c**2 - 16*c**2. Determine k(b).
-15
Let s = 443 - 447. Let y(z) = 8*z + 1. Determine y(s).
-31
Let n(a) = a - a + a + 0*a. Suppose 12 = -4*x, -3*r + 15 = -0*r - 3*x. Suppose 3*w = -y + 13, r*y = 2*w + 6*y - 22. What is n(w)?
3
Let c(m) = -4*m**2 + 2*m. Let t = -29 + 39. Let g be (4/t)/((-4)/(-20)). Give c(g).
-12
Let m(z) = -z**3 + 3*z**2 - 3*z - 3. Let o be 4/6*(-1 - (-77)/14). Determine m(o).
-12
Suppose 5*p + 3*w - 21 = 0, 4*w + 637 = -2*p + 651. Let d(o) = -5*o - 2. Let m(v) = -6*v - 3. Let f(s) = -3*d(s) + 2*m(s). What is f(p)?
9
Let j(t) = -t**3 - 7*t**2 + 9*t + 7. Suppose 32*q - 29*q = -24. Calculate j(q).
-1
Let v(x) = 2*x**2 + 30*x + 24. Let d be v(-14). Let l(z) = -z**2 - 3*z + 2. Determine l(d).
-2
Let o(h) be the second derivative of 2*h**3/3 - 3*h + 26. Suppose 2*x = 5*l - x, 5*x = -3*l. Suppose 0 = -2*t - 4*u - 0 - 2, 3*t - 2*u + 3 = l. Give o(t).
-4
Suppose 2*d - 5 - 1 = 0. Let c be d/(3/(4 + -1)). Let u(q) = 8*q**3 + 11*q - 8*q - c*q. Determine u(-1).
-8
Let l(y) = -16*y - 18. Let u(a) = 4*a + 7 - 3*a - 4 - 2. Let c(m) = 2*l(m) + 36*u(m). Give c(2).
8
Let f(j) = -j**3 + 7*j**2 + j - 1. Suppose 0 - 15 = -w - 2*l, 4*l = 4*w. Suppose -w*z - 64 = 51. Let n = 30 + z. Give f(n).
6
Let x(v) be the second derivative of -3/2*v**2 - 1/6*v**3 - 11*v + 0 + 1/12*v**4. Determine x(0).
-3
Let f be 2*((-30)/(-12) + -3). Let v(u) be the second derivative of -5*u**4/6 - 13*u. Give v(f).
-10
Let g(p) = p**2 - 77*p - 488. Let l be g(-6). Let u(t) = 4*t + 3. What is u(l)?
43
Suppose 5*g - 8*l - 44 = 0, -3*l - 2 = 7. Let x(t) = -t**3 + 5*t**2 - 4*t + 1. Calculate x(g).
1
Let k(j) = -3*j + 4. Suppose 84 = 4*p + 4*r, 5*p - 3*r + 5 = 86. Suppose -5*y = -5*h - 30, 0*y - p = 5*h - y. Give k(h).
13
Suppose -25 = 5*n - 35. Suppose 2*j = j + n. Let d(k) = k**3 - 4*k**2 + 2*k - 2. Give d(j).
-6
Let a be (-1)/(4/(-4)) - 2. Let j(t) = 6 - 7*t**3 - t - 6 - t**2. Give j(a).
7
Let k be (-4)/(-6) - (-1)/3. Suppose a = 3*a - 140. Let w(i) = -a - 2*i + 70. Give w(k).
-2
Let t(s) = -11 - 12 + 15 - 7*s - 11. Let r(o) = o + 1. Let w(b) = 6*r(b) + t(b). What is w(-7)?
-6
Let h(b) be the third derivative of -b**5/60 + 5*b**4/12 - 4*b**3/3 - 682*b**2. Determine h(9).
1
Let v(d) be the second derivative of -d**4/12 + d**3/3 - 5*d**2/2 + d. Suppose -19*y + 31*y = 60. Give v(y).
-20
Suppose c - 2*c = 3. Let k(x) = -x**3 + x**2 - x - 1. Let o(r) = r**3 - 4*r**2 - 1. Let a(v) = -2*k(v) - o(v). What is a(c)?
-12
Let a(l) = l**3 + 4*l**2 - 7*l - 3. Let i = 99 + -54. Let q be -1*(i*2)/(-3). Suppose -2*k - 4*k - q = 0. Calculate a(k).
7
Let o(s) = -5*s - 3. Let h(z) = 11*z + 5. Let d(j) = -4*h(j) - 9*o(j). Suppose 0 = 4*p - 2*r + 36, -p + 16*r + 3 = 17*r. Give d(p).
2
Let z(n) = -6*n**2 - 1. Let a(m) = -2*m**2 + m - 1. Let d(q) = 4*a(q) - z(q). Determine d(4).
-19
Suppose -2*k + 9 - 3 = 0. Let q = 213 - 212. Let l(v) = 6*v + q - k*v - v**2 - 2 + 4*v. Give l(7).
-1
Let n = -184 - -187. Let z(t) = 2*t**2 - t + 1. Let f be z(1). Suppose -3*u + 1 = -j + 13, f*j + n*u = -3. Let b(c) = -c + 1. What is b(j)?
-2
Let s(v) = -2*v**2 + 6*v - 2. Suppose b + j - 3 = 0, -18*b - j + 19 = -13*b. What is s(b)?
-10
Let b(z) = -z**2 + 4*z - 3. Let h be ((-12)/(-14))/((18/(-7))/(-9)). Calculate b(h).
0
Let j(h) be the first derivative of h**4/4 + 4*h**3 - h**2/2 - 10*h + 295. Determine j(-12).
2
Suppose -2*h - 3*u - 5 = 13, -2*h + 4*u = -10. Let s = h - -3. Let t(b) = b + b - 5 - b**3 + s*b - b. Calculate t(0).
-5
Let s(o) = -229*o - 41 + 689*o - 230*o - 227*o. What is s(11)?
-8
Let l(a) = a. Suppose -o = 5*j - 4*o - 37, -5*j - 3*o = -43. Suppose -2*h - 2 = j. Let x(m) = -9*m - 2. Let p(t) = h*l(t) - x(t). What is p(-4)?
-14
Let j(w) = -w + 4. Let h(s) = s**2 + 4*s - 1. Let g be h(3). Let o = 13 - g. Calculate j(o).
11
Suppose -2*f - 2 = 4. Let s be (f - -6 - -8)*-1. Let l = -7 - s. Let k(n) = -n**2 + 2*n + 5. Determine k(l).
-3
Let g(l) = l**3 - 2092*l**2 + 1048*l**2 + 1042*l**2 - 8 - 2*l. What is g(4)?
16
Let d be ((-2)/(-4))/(148/(-24) - -6). Let w(n) = 8*n + 2. Give w(d).
-22
Let x be ((4/(-6))/1)/((-56)/(-252)). Let w be 2/10 + 4/(-20) + x. Let z(l) = -l**2 - l. Determine z(w).
-6
Let o(d) = d + 5. Let a be o(-4). Let g = 135 - 131. Suppose -g*u + a + 11 = 0. Let y(p) = -p**3 + 2*p**2 + p. Calculate y(u).
-6
Suppose -c = 2*c + 18. Let i(k) = -2*k**2 + 3*k**2 + 0*k**3 + 0*k**2 + 3*k + 6*k**3 - 7. Let l(t) = t**3 - t**2 + t. Let w(s) = -i(s) + 5*l(s). Determine w(c).
-5
Suppose 30 = 5*w - 0*w. Let t(b) be the third derivative of 4/3*b**3 - b**2 + 0 - 1/24*b**4 + 1/10*b**5 - 1/120*b**6 + 0*b. What is t(w)?
2
Let j(x) be the first derivative of -x**4/4 + x**3 - x**2/2 - x + 110. Give j(3).
-4
Let b(m) = m**3 + 5*m**2 + 2*m - 2. Let p(o) = -5*o**3 - 25*o**2 - 9*o + 9. Let l(z) = -11*b(z) - 2*p(z). Suppose 2*x + 10 - 2 = 0. What is l(x)?
4
Let i(v) = -11*v**3 + v**2 - 6*v + 6. Let k(a) = 2*a**2 - 11*a**3 - 7*a + 5 + 2 - a**2. Let x(w) = -7*i(w) + 6*k(w). What is x(1)?
10
Let o = -5 + 11. Let i be (2*3)/(-3 + 5). Let b(q) = -2*q**i + 2 + q**3 - 2*q**2 + 8*q**2 - 2*q. What is b(o)?
-10
Let x(n) = n**3 + 6*n**2 + 5*n + 2. Let b be x(-5). Let q(h) = 2*h + 2*h - b - 5*h. Suppose 36 = 14*l + 8. Give q(l).
-4
Let r = -1448 + 1446. Let h(n) = 4*n**2 + 7*n - 1. Determine h(r).
1
Let o(m) be the second derivative of -3*m**2 - 1/12*m**4 - 20*m + 0 + 0*m**3. Calculate o(0).
-6
Let x(q) = -16*q - 3. Let y(r) = r**2 + 20*r - 67. Let l be y(-23). Let k(h) = 5*h + 1. Let b(f) = l*x(f) + 7*k(f). Calculate b(4).
13
Let q(f) = 4*f**3 + 9*f**2 + 6*f - 4. Let x(z) = -5*z**3 - 10*z**2 - 6*z + 5. Let g(m) = 4*q(m) + 3*x(m). Let d = -14 - -7. Let j = -12 - d. Determine g(j).
-6
Suppose 4*t + 5*l - 15 = 0, 78*t - 74*t + 15 = 5*l. Let i(u) = 4*u - 4*u - u**3 + u**2 - 4. What is i(t)?
-4
Let v(t) = 6*t**3 + t**2 - 2*t + 1. Let c = -187 + 188. What is v(c)?
6
Let t(p) = -p**3 - 15*p**2 + 19*p + 46. Let o be t(-16). Let h(x) = -x**2 - 2*x + 1. Calculate h(o).
1
Let q(d) be the first derivative of -d**4/4 + 10*d**3/3 + 9*d**2/2 + 4*d - 250. Determine q(11).
-18
Let n(p) = -8*p + 1. Let o(l) be the third derivative of l**6/120 + l**5/60 + l**4/24 + l**3/3 - 2*l**2. Let f be o(0). What is n(f)?
-15
Let a be 1/(-4) - 4/32*-282. Suppose 4*c = -5*p - a, -4*c + 3*p - 7 = 4. Let d(r) = 3*r**2 + 4*r + 1 - 3*r**2 + r**2. What is d(c)?
6
Let v(j) = j**2 + 13*j + 9. Suppose 2*n + 51 - 18 = 3*l, -5*n + 3*l - 60 = 0. What is v(n)?
-27
Let k(d) be the second derivative of -d**3/3 - d**2/2 + 282*d. Calculate k(-7).
13
Let f = 50 - 50. Suppose f = -3*p - 2*y + 23, 2*p - p + 5*y - 12 = 0. Let j(o) = -2*o + 0*o - 1 + o. Determine j(p).
-8
Let k(i) be the first derivative of 4*i**2 + 3*i - 41. Give k(3).
27
Suppose -37*d + 15 = -42*d. Let r(m) = m**3 + m + 4. Determine r(d).
-26
Let t(s) be the second derivative of -s**4/12 - 7*s**3/6 - 23*s**2/2 + 14*s. Let w(j) be the first derivative of t(j). What is w(-5)?
3
Let l(n) be the second derivative of -n**3/3 - 6*n**2 - n + 155. What is l(-5)?
-2
Let k(q) be the second derivative of q**5/20 + q**4/3 - q**3/2 + 7*q**2/2 + q. Let o = 6 + -11. Let p be k(o). Let m(a) = -a**2 - 5*a - 4. Give m(p).
2
Let l(z) be the second derivative of -z**7/840 + z**6/60 - z**5/30 - z**4/8 + 11*z**3/6 + 12*z - 2. Let p(j) be the second derivative of l(j). Calculate p(4).
13
Let n(q) = -8*q**3 + 9*q**2 - 23*q - 37. Let b(o) = 3*o**3 - 3*o**2 + 8*o + 13. Let u(v) = 11*b(v) + 4*n(v). Calculate u(-3).
7
Let i be (8/(-10))/(1/(-5)). Let t(u) = -1. Let n(s) = -s + 4. Let w(c) = i*t(c) + n(c). Calculate w(-1).
1
Let x = 328 + -307. Let o(h) = h**2 - 20*h - 18. Determine o(x).
3
Let k = 5 + -2. Let f(m) = -13*m**k - 1 - 64*m + 65*m + 1 + 2*m**2. What is f(-1)?
14
Let w(x) = 2*x**3 + 2*x**2 - 2. Let q = 787 + -789. What is w(q)?
-10
Let i(j) = 3*j + 3*j**2 - j**2 + 2*j - 3*j**2. Let y(q) = -q**2 + 4*q + 7. Let n be y(5). Suppose -n - 3 = -w. Calculate i(w).
0
Let m(n) be the first derivative of n**4/4 + 8*n**3/3 + 2*n**2 - 8*n + 5. Let j be -8*(-5)/40*-7. Calculate m(j